(u) = -u**2 - 11*u + 4. Let n be y(-11). Suppose -k + 3*k + n*m + 4 = 0, -5*m = -3*k + 16. Let v(c) = -13*c + 21*c - k - 6*c. Give v(-6).
-14
Suppose 7*a - 76 = -90. Let f(b) = 5*b**3 - 4*b**3 - 2 - 2*b**3 - b. Calculate f(a).
8
Let p(h) = 3. Let k(l) = -l + 24. Let z(n) = -2*k(n) + 13*p(n). Give z(6).
3
Let d(c) = -c**2 - 6*c - 7. Let f(b) = b**3 + 5*b**2 + b - 4. Let x be f(-4). Let r = x - 3. Suppose -4*o = -3*z + 23, 17 + 9 = -r*o + z. What is d(o)?
-2
Let b(i) = 10*i + 15*i + 2 - 28*i + 6*i. Calculate b(-2).
-4
Let y = -1344 - -1334. Let j(u) = -u**2 - 9*u - 1. Give j(y).
-11
Let v(h) = -4*h + 1. Let o = -22 + 25. Suppose 1 = -o*z - 5. Calculate v(z).
9
Let j be (85/(-15) + (-6)/(-1))*-18. Let b(f) = -f**3 - 8*f**2 - 8*f + 6. What is b(j)?
-18
Suppose 8*j = 9*j + 15. Let n(t) = -4*t - 61. Let d be n(j). Let v(f) be the second derivative of -f**4/2 + f**2/2 + f. Give v(d).
-5
Let k(w) = 2*w + 7. Suppose 25 = c + 4*d - 0*d, -5 = -d. Suppose 3*x + 5*l - 8 = -3, 5*l + c = -5*x. Give k(x).
-3
Let j(t) = -t**2 + 12 - 316*t + 331*t - 3. Give j(16).
-7
Let p(w) = -w + 4. Suppose -6*d + 4*d + 62 = 0. Let x = d + -37. Calculate p(x).
10
Suppose 2*q + 3*q - 3*i = 5, 0 = -2*q + 5*i - 17. Let k(s) = s + 6. Let r(t) = 1. Let u be 750/27 + (4/(-9))/(-2). Let b(d) = u*r(d) - 4*k(d). Calculate b(q).
-12
Let m(f) = -5*f + 1. Suppose -11 = 38*k - 49. Calculate m(k).
-4
Let s(b) = -2*b**2 - 23*b + 14. Let o be s(-12). Let h(f) = -7*f**2 + o*f**3 + 6*f + 6 + 12*f - 3*f**3 - 10*f. Determine h(-8).
6
Let i(b) = -4 + 6*b + 3 - 4 - 2 - b**2. Let x be i(3). Let y(k) = -2 - 2*k**x + k**2 - k**3 + k - 5 + 2*k**3. Determine y(0).
-7
Let f(z) = 4*z**3 + 7*z - 4*z**3 - 8 - z**3 - 5*z**2 - 2*z. Suppose 0*y + 4*y - 20 = 0. Suppose -y*i = 5*v + 55, -3*i - 14 = i - 2*v. What is f(i)?
-2
Suppose 3*b = -0*b - 3. Let x be (-1)/2*-8*b. Let w(k) = 25*k - 1. Let h(s) = -9*s + 1. Let d(c) = -11*h(c) - 4*w(c). Determine d(x).
-3
Let h = 1297 - 1296. Let j(g) = 24*g**2 - g + 7. Let d(o) = 23*o**2 - o + 6. Let y(l) = 7*d(l) - 6*j(l). Calculate y(h).
16
Let t be (-18)/81 - 40/(-18). Let q(y) = -y**2 + 3*y + 2. Let v(f) = f**2 + f - 1. Let b(h) = t*v(h) + q(h). Calculate b(-3).
-6
Let s(o) be the third derivative of -o**5/30 + o**4/4 + o**3 - 37*o**2. Give s(5).
-14
Let h(g) = g**2 + 1 - 6*g**2 + 6*g**2 + 2*g - 6*g**3. Let u = -6 - -5. Let q be u/(2*(-1)/(-2)). Calculate h(q).
6
Let s be (17 + (0 - -2))/(2 - 1). Suppose -9*z + 73 = s. Let b(u) = -u**3 + 6*u**2 + 2*u - 8. Determine b(z).
4
Let i = 6 - 5. Suppose -4*n - 19 - i = -t, -5*n + 14 = 2*t. Suppose -g + t = 3*c, 4*g = -0*g. Let a(o) = o**3 - 3*o**2 - 4*o - 3. What is a(c)?
-3
Let o(d) = -d**3 - 28*d**2 - 74*d + 23. Let y = -404 - -379. Give o(y).
-2
Let w(m) = -2*m + 2. Let b(a) = a**3 + 7*a**2 + 7*a - 8. Let l be b(-4). Determine w(l).
-22
Let w(z) = -z**3 + 9*z**2 - 31*z + 41. Let x be w(4). Let i(n) = n**2 - 4*n - 4. What is i(x)?
17
Let x = 6 + -5. Let k(u) = -9*u**2 + u - 1. Give k(x).
-9
Let l(v) = 2 - 5 + 10 - 3*v + 2*v + 5. What is l(8)?
4
Let f(y) be the third derivative of y**5/30 - y**4/3 + 2*y**3/3 + 57*y**2. Give f(5).
14
Suppose 107 = 7*o + 128. Let k(n) = -6*n + 3. Determine k(o).
21
Let a(j) be the first derivative of -1/3*j**3 - 3*j - 5/2*j**2 - 4. Give a(-3).
3
Let y(p) = -p**2 - 50*p - 334. Let m be y(-8). Let q(h) = -3*h**3 - 2*h**2. Give q(m).
-32
Let d = 24 - 2. Let i = d + -15. Let u(w) = 340 - 338 + w - 2*w. Calculate u(i).
-5
Let v(w) be the third derivative of w**7/840 - w**6/72 + w**5/40 - w**4/24 + 7*w**3/3 - 36*w**2. Let r(b) be the first derivative of v(b). Calculate r(4).
-5
Let j(g) = 20*g**2 - 2*g - 1. Let k be (-3)/9*200 - 2/(-3). Let d = k + 65. What is j(d)?
21
Let y be 2 + 0 + 1 + -3. Suppose 2*t + 2*m = 22, 14 = -t - y*t + 4*m. Let p(x) = -3*x + 0*x + x + x + t. Calculate p(0).
6
Let t(w) = -2*w**2 - 6*w - 2. Let q(s) = -1. Let m(y) = 2*q(y) - t(y). Let x(h) = h - 1. Let d be x(-7). Let r = d + 4. Determine m(r).
8
Let k(t) = 6*t - 8. Let c(y) = y - 1. Let b(p) = 5*c(p) - k(p). Calculate b(6).
-3
Suppose -19 = 5*v + 4*q, -2 + 7 = -5*q. Let t(z) be the first derivative of -5*z**2/2 - z - 633. Calculate t(v).
14
Let r(k) = -k + 1. Let n(t) = t**2 + 9*t + 1. Let h(g) = n(g) + 3*r(g). Suppose -19*f - 240 = 21*f. Give h(f).
4
Let g be 2/(-14) + ((-220)/28 - -6). Let i(o) = -11*o + 2. What is i(g)?
24
Let g(d) = -2*d. Suppose 16*m + 6*m - 176 = 0. Give g(m).
-16
Let o(j) = -j**2 - 4*j + 1. Suppose -2*p = -0*p. Suppose 0 = -p*y + 2*y + 4. Let r be y/7 - 33/7. Calculate o(r).
-4
Let x(c) = -2*c + 14. Let u(p) = -p + 11. Let v(l) = -3*u(l) + 2*x(l). Determine v(-3).
-2
Let z(p) = 6*p**2 + p + 2. Suppose -2*i + 5*r = 22, 4*r = 4*i + 20 - 0. Determine z(i).
7
Let g(o) = -4 - o**2 + 2 + 5. Let b(q) = -4*q**2 - 228*q - 2624. Let u be b(-16). Determine g(u).
3
Let o(d) = -5*d - 6. Let g(i) = 14*i + 14. Let a(s) = -3*g(s) - 8*o(s). What is a(4)?
-2
Let s(a) = a**3 - 5*a**2 + 7*a - 2. Let n(r) = 0 - 1 + 0 + 4*r - 3*r. Let m(k) = -5*n(k) + s(k). Let o be m(4). Let f(w) = 2*w + 4. What is f(o)?
-6
Let s(n) = -25 + 4*n**2 + 11 - 2*n - 6*n + 3*n**3 - 2*n**3 + 2*n**2. Calculate s(-7).
-7
Let w(z) be the second derivative of -3*z**2 + 1/6*z**3 + 0 + 10*z. Suppose 4*k + 9 = 33. Calculate w(k).
0
Let r(v) = -v**3 + 7*v**2 - v - 3. Suppose -32*j - 177 = -91*j. Give r(j).
30
Suppose -9*r + 11*r + 2*j - 10 = 0, 0 = 4*r - 2*j - 8. Let k = -10 - -17. Suppose k + 11 = -r*q. Let h(u) = -u. Give h(q).
6
Suppose -2*k - 6*k = -232. Let w(m) = k*m**2 - 20*m**2 - 9*m - 3 + m - m**3. What is w(8)?
-3
Let y(q) be the third derivative of q**6/360 + 11*q**5/120 - q**4/8 + 2*q**3 - 3*q**2 + 4. Let o(k) be the first derivative of y(k). Give o(-11).
-3
Let k(b) = -b**2 + b + 3. Suppose 294*y - 10 = 292*y. Calculate k(y).
-17
Let y = 173/93 + -6/31. Let i(g) be the third derivative of -1/24*g**4 + 0 - y*g**3 + 0*g - 4*g**2. Calculate i(0).
-10
Suppose -9*l - 12*l = 126. Let y(n) = -n**2 - 9*n - 2. Give y(l).
16
Suppose -y + 3*y + 8 = 0, -k = -3*y - 8. Let h be ((-8)/(-12))/(k/(-6)). Let s(r) = 6*r**2 - 1. Give s(h).
5
Let r(o) = -32*o**3 - 14*o**2. Let j(f) = -8*f**3 - 3*f**2. Let k(d) = -9*j(d) + 2*r(d). Calculate k(1).
7
Let c be (-19)/(-5) - (-5)/25. Suppose c*f - 3 + 11 = 0. Let p(o) be the third derivative of -o**6/120 - o**5/15 - o**4/6 - o**3/3 + 3*o**2. What is p(f)?
-2
Let l = 3 - -1. Let n be 2/l*(30 - 0). Suppose -3*f = n + 3. Let q(g) = g**2 + 5*g - 3. What is q(f)?
3
Let g = -6 + 7. Suppose -g = -2*z - 5. Let k(p) = p**3 - p**2 - p + 1. Let d(q) = -q**3 + q - 1. Let f(w) = 4*d(w) + 3*k(w). What is f(z)?
-7
Suppose h + 2 = 4. Let f(d) be the third derivative of 5*d**2 + 0 + 0*d**3 + 1/24*d**4 + 0*d - 1/20*d**5. Determine f(h).
-10
Suppose 9 = -4*b + 25. Let i(k) = -6*k**2 + 22*k**2 - b*k - 15*k**2 + 20 - 11*k. What is i(14)?
6
Suppose -5 = 5*r + 5, 0 = -4*b + 2*r + 164. Let h = b + -44. Let z(u) = u**2 + 5*u + 6. What is z(h)?
2
Suppose 14 = b + 5*z, -4*b = -30*z + 32*z - 2. Let a(h) = 3*h**2 - 5*h - 4. Determine a(b).
4
Let b(r) = -8*r + 2. Let p = 52 + -87. Let z = 33 + p. Calculate b(z).
18
Let o(j) = 3*j**3 + 48*j**2 + 17*j. Let p(c) = 2*c**3 + 37*c**2 + 16*c - 1. Let q(h) = 3*o(h) - 4*p(h). Calculate q(6).
-2
Suppose 4*y - 5*y + 1 = 3*j, 2*y = 2*j + 10. Let i(f) = -f**2 + 6*f - 5. Determine i(y).
3
Let z(k) = -k**3 - k + 1. Let a = -8 + 10. Suppose 0 = o + i - 4*i + 4, -a*i + 10 = 3*o. Let l be o/3 + (-4)/6. Calculate z(l).
1
Suppose 3*j = -3*y - 3, y - 5*j - 14 = 15. Let i(p) = y*p + 2*p**2 + 3 - 2*p - 2 + 3*p**3. Let u = -1 - 0. Calculate i(u).
-2
Suppose -4*u + 24 = -2*n, -2*u = u - n - 20. Let x(z) = z**2 - 8*z. Calculate x(u).
0
Let l be (-31)/(-4) - (36/(-16) - -3). Suppose 21 = -3*h - 0*x + 5*x, -x = -h - l. Let c(d) = d**2 + 7*d + 4. Calculate c(h).
4
Let q = 158 - 162. Let h(b) be the third derivative of b**4/24 + b**3/2 - b**2. Give h(q).
-1
Let s be 798/49 + ((-69)/21 - -3). Let w(j) = -s + 8*j**2 + 19 + 2*j - 9*j**2. Give w(4).
-5
Let i(y) = -9*y + 1. Let u(x) = x. Let p(z) = -z + 50 - 50. Let b(a) = -6*p(a) - 7*u(a). Let c(w) = b(w) + i(w). Give c(1).
-9
Let c(v) = v**3 - 9*v**2 - 2*v + 12. Suppose -2*j - 100 = 2*j. Let x = 34 + j. Determine c(x).
-6
Let z(q) be the third derivative of q**4/24 - 11*